hest common factor of 817099 and 515?
103
What is the highest common factor of 156112 and 158773?
887
What is the greatest common divisor of 99603 and 63798?
651
What is the highest common factor of 754 and 19916?
26
Calculate the greatest common factor of 598776 and 1098.
366
What is the greatest common factor of 45 and 98811?
9
What is the greatest common divisor of 3961 and 12716?
17
What is the highest common divisor of 176 and 30064?
16
Calculate the greatest common factor of 7 and 674884.
7
What is the highest common divisor of 303176 and 8?
8
What is the highest common factor of 63943 and 88?
11
Calculate the greatest common divisor of 16461 and 4779.
531
What is the highest common factor of 1914 and 14850?
66
Calculate the highest common factor of 40 and 2540.
20
Calculate the highest common divisor of 22 and 19360.
22
Calculate the highest common factor of 27839 and 4879.
287
Calculate the greatest common divisor of 45 and 228315.
15
What is the highest common divisor of 14 and 10066?
14
Calculate the highest common factor of 45 and 23055.
15
What is the highest common divisor of 334 and 2082?
2
Calculate the highest common divisor of 271 and 167749.
271
Calculate the highest common factor of 4312 and 1518.
22
Calculate the highest common divisor of 73 and 101178.
73
What is the greatest common divisor of 108 and 2292?
12
What is the greatest common factor of 2822 and 2324?
166
What is the greatest common divisor of 2460175 and 25?
25
Calculate the greatest common factor of 385 and 31735.
55
What is the highest common factor of 11640363 and 21?
21
What is the highest common divisor of 7 and 4835?
1
What is the highest common factor of 31119 and 138?
69
Calculate the highest common factor of 356 and 13973.
89
Calculate the highest common divisor of 150 and 4098650.
50
What is the greatest common factor of 21 and 63959?
7
What is the highest common factor of 24949 and 1769?
61
Calculate the highest common factor of 51312 and 144.
48
What is the greatest common factor of 2112 and 231?
33
Calculate the greatest common divisor of 893 and 3431.
47
What is the greatest common divisor of 840 and 16420?
20
Calculate the highest common factor of 161046 and 575.
23
Calculate the greatest common divisor of 2495825 and 100.
25
What is the greatest common divisor of 11370 and 36?
6
What is the greatest common divisor of 17896 and 432?
8
Calculate the greatest common factor of 15656 and 10300.
412
What is the greatest common divisor of 1600567 and 17?
17
What is the greatest common divisor of 59 and 237593?
59
Calculate the highest common divisor of 2516650 and 125.
25
Calculate the highest common divisor of 176000 and 176.
176
What is the greatest common factor of 9240 and 920?
40
What is the highest common divisor of 691044 and 24?
12
Calculate the highest common factor of 27394 and 8.
2
Calculate the greatest common divisor of 3320 and 16304.
8
What is the highest common factor of 3320 and 913?
83
What is the greatest common factor of 1020 and 206380?
340
Calculate the greatest common divisor of 3 and 103647.
3
What is the highest common divisor of 2745 and 1423557?
549
What is the highest common divisor of 39446 and 1694?
242
Calculate the highest common divisor of 21546 and 76.
38
Calculate the greatest common divisor of 854298 and 558.
558
What is the greatest common factor of 40368 and 376?
8
Calculate the highest common factor of 12 and 40502700.
12
What is the highest common divisor of 9256 and 354?
2
What is the highest common factor of 259 and 71447?
37
What is the greatest common divisor of 11 and 19679?
11
What is the greatest common divisor of 3 and 19319?
1
What is the highest common factor of 7223 and 5126?
233
What is the highest common factor of 172 and 418046?
86
Calculate the highest common factor of 4170 and 3970.
10
What is the greatest common factor of 1006 and 146373?
503
Calculate the greatest common divisor of 6008 and 81859.
751
Calculate the highest common factor of 20 and 223328.
4
Calculate the highest common divisor of 14 and 1779351.
7
What is the greatest common factor of 26616175 and 23?
23
What is the greatest common factor of 1176 and 205212?
588
What is the highest common divisor of 8 and 8960?
8
What is the greatest common divisor of 11222 and 75578?
62
Calculate the highest common factor of 47439 and 4158.
189
What is the highest common factor of 71767 and 172?
43
What is the greatest common divisor of 10824 and 5192?
88
Calculate the highest common factor of 2 and 7291.
1
Calculate the greatest common divisor of 10488 and 42.
6
What is the highest common divisor of 245 and 106918?
49
Calculate the highest common divisor of 6804 and 168156.
972
What is the greatest common factor of 313348 and 372?
124
What is the highest common divisor of 34 and 439382?
34
What is the highest common divisor of 3252154 and 1748?
874
Calculate the greatest common factor of 3 and 1006557.
3
What is the highest common factor of 234 and 1310400?
234
Calculate the greatest common factor of 8989 and 267.
89
What is the highest common factor of 888 and 600?
24
Calculate the highest common factor of 4285654 and 194.
194
What is the greatest common divisor of 32 and 2000?
16
What is the highest common factor of 450337 and 796?
199
What is the highest common divisor of 511 and 105?
7
What is the greatest common factor of 2580 and 3852?
12
Calculate the highest common divisor of 25998 and 126.
42
Calculate the greatest common divisor of 72133 and 53.
53
What is the highest common divisor of 44 and 162954?
22
What is the highest common divisor of 3821202 and 72?
18
Calculate the highest common factor of 98 and 433013.
49
What is the greatest common factor of 35 and 3308935?
35
Calculate the greatest common divisor of 16 and 17183680.
16
What is the highest common divisor of 3345 and 10927?
223
Calculate the highest common divisor of 1245 and 3585.
15
What is the greatest common divisor of 21637 and 2112?
11
Calculate the highest common divisor of 16779 and 5712.
357
Calculate the greatest common divisor of 192 and 8460.
12
Calculate the highest common divisor of 2160 and 3056.
16
What is the greatest common divisor of 20601 and 3465?
63
Calculate the highest common factor of 224 and 58009.
7
What is the highest common factor of 298003 and 124?
31
Calculate the greatest common factor of 4459 and 7.
7
Calculate the greatest common divisor of 13896 and 1824.
24
What is the highest common factor of 62414 and 264?
22
What is the greatest common divisor of 72 and 44304?
24
Calculate the greatest common factor of 15048 and 2871.
99
Calculate the greatest common divisor of 77473 and 33.
11
What is the greatest common divisor of 241740 and 5445?
45
What is the highest common factor of 150759 and 9?
9
Calculate the highest common divisor of 599610 and 621.
69
Calculate the highest common factor of 263 and 47077.
263
What is the greatest common divisor of 4 and 28708?
4
What is the greatest common divisor of 1584 and 11736?
72
What is the highest common divisor of 13998 and 80?
2
What is the highest common divisor of 5478 and 1163162?
1826
What is the greatest common factor of 114156 and 3024?
756
What is the greatest common divisor of 67425 and 1015?
145
What is the highest common divisor of 743 and 106?
1
What is the greatest common factor of 15340 and 369694?
1534
What is the highest common divisor of 88284 and 1484?
28
Calculate the highest common divisor of 364 and 2771236.
52
Calculate the greatest common factor of 28 and 86292.
4
What is the highest common divisor of 498160 and 975?
65
What is the greatest common factor of 4320 and 900?
180
Calculate the highest common factor of 12 and 83060.
4
What is the highest common divisor of 145 and 2498205?
145
What is the highest common divisor of 31417 and 534?
89
Calculate the greatest common factor of 60134 and 66316.
562
Calculate the highest common factor of 48 and 10140.
12
Calculate the highest common divisor of 581 and 2656.
83
What is the highest common divisor of 432894 and 42?
42
What is the greatest common factor of 21171 and 6?
3
Calculate the greatest common factor of 2 and 22652.
2
What is the greatest common divisor of 7120 and 69865?
445
Calculate the greatest common divisor of 11